{"id":113,"date":"2024-04-22T08:39:07","date_gmt":"2024-04-22T08:39:07","guid":{"rendered":"https:\/\/bruno-kardiologie.de\/?page_id=113"},"modified":"2024-04-22T08:39:07","modified_gmt":"2024-04-22T08:39:07","slug":"fettstoffwechsel-lipidologie","status":"publish","type":"page","link":"https:\/\/bruno-kardiologie.de\/?page_id=113","title":{"rendered":"Fettstoffwechsel &#8211; Lipidologie"},"content":{"rendered":"\n<div class=\"wp-block-media-text is-stacked-on-mobile\"><figure class=\"wp-block-media-text__media\"><img loading=\"lazy\" decoding=\"async\" width=\"1024\" height=\"576\" src=\"https:\/\/bruno-kardiologie.de\/wp-content\/uploads\/2024\/04\/DGFF-1024x576.png\" alt=\"\" class=\"wp-image-114 size-full\" srcset=\"https:\/\/bruno-kardiologie.de\/wp-content\/uploads\/2024\/04\/DGFF-1024x576.png 1024w, https:\/\/bruno-kardiologie.de\/wp-content\/uploads\/2024\/04\/DGFF-300x169.png 300w, https:\/\/bruno-kardiologie.de\/wp-content\/uploads\/2024\/04\/DGFF-768x432.png 768w, https:\/\/bruno-kardiologie.de\/wp-content\/uploads\/2024\/04\/DGFF-1110x624.png 1110w, https:\/\/bruno-kardiologie.de\/wp-content\/uploads\/2024\/04\/DGFF-528x297.png 528w, https:\/\/bruno-kardiologie.de\/wp-content\/uploads\/2024\/04\/DGFF.png 1280w\" sizes=\"(max-width: 1024px) 100vw, 1024px\" \/><\/figure><div class=\"wp-block-media-text__content\">\n<p><br>Als Lipidologe (<strong>Spezialist f\u00fcr den Fettstoffwechsel<\/strong>) bin ich darauf spezialisiert, St\u00f6rungen des Lipidstoffwechsels zu diagnostizieren, zu behandeln und zu managen, insbesondere Hyperlipid\u00e4mie und Dyslipid\u00e4mie. Diese Erkrankungen sind eng mit dem Risiko f\u00fcr kardiovaskul\u00e4re Erkrankungen wie Herzinfarkt, Schlaganfall und periphere Gef\u00e4\u00dferkrankungen verbunden.<\/p>\n\n\n\n<p>Meine Aufgabe als Lipidologe besteht darin, die Lipidwerte meiner Patienten zu \u00fcberwachen, zu interpretieren und entsprechende Therapien zu entwickeln, um das Risiko f\u00fcr kardiovaskul\u00e4re Ereignisse zu reduzieren. Durch eine sorgf\u00e4ltige Analyse von Lipidprofilen und anderen kardiovaskul\u00e4ren Risikofaktoren kann ich individuelle Behandlungspl\u00e4ne erstellen, die darauf abzielen, die Lipidwerte zu normalisieren und die Gesundheit des Herz-Kreislauf-Systems zu verbessern. <\/p>\n<\/div><\/div>\n","protected":false},"excerpt":{"rendered":"<p>Als Lipidologe (Spezialist f\u00fcr den Fettstoffwechsel) bin ich darauf spezialisiert, St\u00f6rungen des Lipidstoffwechsels zu diagnostizieren, zu behandeln und zu managen, insbesondere Hyperlipid\u00e4mie und Dyslipid\u00e4mie. Diese Erkrankungen sind eng mit dem [&hellip;]<\/p>\n","protected":false},"author":1,"featured_media":0,"parent":0,"menu_order":0,"comment_status":"closed","ping_status":"closed","template":"","meta":{"footnotes":""},"class_list":["post-113","page","type-page","status-publish","czr-hentry"],"_links":{"self":[{"href":"https:\/\/bruno-kardiologie.de\/index.php?rest_route=\/wp\/v2\/pages\/113"}],"collection":[{"href":"https:\/\/bruno-kardiologie.de\/index.php?rest_route=\/wp\/v2\/pages"}],"about":[{"href":"https:\/\/bruno-kardiologie.de\/index.php?rest_route=\/wp\/v2\/types\/page"}],"author":[{"embeddable":true,"href":"https:\/\/bruno-kardiologie.de\/index.php?rest_route=\/wp\/v2\/users\/1"}],"replies":[{"embeddable":true,"href":"https:\/\/bruno-kardiologie.de\/index.php?rest_route=%2Fwp%2Fv2%2Fcomments&post=113"}],"version-history":[{"count":1,"href":"https:\/\/bruno-kardiologie.de\/index.php?rest_route=\/wp\/v2\/pages\/113\/revisions"}],"predecessor-version":[{"id":115,"href":"https:\/\/bruno-kardiologie.de\/index.php?rest_route=\/wp\/v2\/pages\/113\/revisions\/115"}],"wp:attachment":[{"href":"https:\/\/bruno-kardiologie.de\/index.php?rest_route=%2Fwp%2Fv2%2Fmedia&parent=113"}],"curies":[{"name":"wp","href":"https:\/\/api.w.org\/{rel}","templated":true}]}}